{"id":36,"date":"2014-06-27T12:45:38","date_gmt":"2014-06-27T11:45:38","guid":{"rendered":"https:\/\/www.hallebohuset.se\/?page_id=36"},"modified":"2017-11-01T11:39:40","modified_gmt":"2017-11-01T10:39:40","slug":"bokningkontakt","status":"publish","type":"page","link":"https:\/\/www.hallebohuset.se\/?page_id=36","title":{"rendered":"Bokning\/Kontakt"},"content":{"rendered":"<p><strong>Bokning:<\/strong><br \/>\nDu kan hyra \u201dHallebohuset\u201d per dygn eller per vecka, \u00e4ven l\u00e5ngtidsuthyrning kan ske, kontakta oss d\u00e5 i god tid f\u00f6r offert!<\/p>\n<p><em>\u201dHallebohuset\u201d bokas endast via Novasol.<\/em><br \/>\n<strong>Tel vx:<\/strong> 031-304 55 70<br \/>\n<strong>E-mail: <\/strong><a href=\"mailto:novasol@novasol.se\" target=\"_blank\">novasol@novasol.se<\/a> (ange \u201dobjekt nr S30130\u201d)<\/p>\n<p>F\u00f6r bokning via Internet anv\u00e4nd nedanst\u00e5ende l\u00e4nk<br \/>\n<strong>L\u00e4nk till bokning: <\/strong><a href=\"http:\/\/www.novasol.se\/p\/S30130\" target=\"_blank\">http:\/\/www.novasol.se\/p\/S30130<\/a><\/p>\n","protected":false},"excerpt":{"rendered":"<p>Bokning: Du kan hyra \u201dHallebohuset\u201d per dygn eller per vecka, \u00e4ven l\u00e5ngtidsuthyrning kan ske, kontakta oss d\u00e5 i god tid f\u00f6r offert! \u201dHallebohuset\u201d bokas endast via Novasol. Tel vx: 031-304 55 70 E-mail: novasol@novasol.se (ange \u201dobjekt nr S30130\u201d) F\u00f6r bokning &hellip; <a href=\"https:\/\/www.hallebohuset.se\/?page_id=36\">Continue reading <span class=\"meta-nav\">&rarr;<\/span><\/a><\/p>\n","protected":false},"author":1,"featured_media":0,"parent":15,"menu_order":3,"comment_status":"open","ping_status":"open","template":"","meta":{"footnotes":""},"class_list":["post-36","page","type-page","status-publish","hentry"],"_links":{"self":[{"href":"https:\/\/www.hallebohuset.se\/index.php?rest_route=\/wp\/v2\/pages\/36","targetHints":{"allow":["GET"]}}],"collection":[{"href":"https:\/\/www.hallebohuset.se\/index.php?rest_route=\/wp\/v2\/pages"}],"about":[{"href":"https:\/\/www.hallebohuset.se\/index.php?rest_route=\/wp\/v2\/types\/page"}],"author":[{"embeddable":true,"href":"https:\/\/www.hallebohuset.se\/index.php?rest_route=\/wp\/v2\/users\/1"}],"replies":[{"embeddable":true,"href":"https:\/\/www.hallebohuset.se\/index.php?rest_route=%2Fwp%2Fv2%2Fcomments&post=36"}],"version-history":[{"count":6,"href":"https:\/\/www.hallebohuset.se\/index.php?rest_route=\/wp\/v2\/pages\/36\/revisions"}],"predecessor-version":[{"id":128,"href":"https:\/\/www.hallebohuset.se\/index.php?rest_route=\/wp\/v2\/pages\/36\/revisions\/128"}],"up":[{"embeddable":true,"href":"https:\/\/www.hallebohuset.se\/index.php?rest_route=\/wp\/v2\/pages\/15"}],"wp:attachment":[{"href":"https:\/\/www.hallebohuset.se\/index.php?rest_route=%2Fwp%2Fv2%2Fmedia&parent=36"}],"curies":[{"name":"wp","href":"https:\/\/api.w.org\/{rel}","templated":true}]}}