{"id":52,"date":"2014-06-27T12:57:47","date_gmt":"2014-06-27T11:57:47","guid":{"rendered":"https:\/\/www.hallebohuset.se\/?page_id=52"},"modified":"2014-06-30T10:30:15","modified_gmt":"2014-06-30T09:30:15","slug":"info","status":"publish","type":"page","link":"https:\/\/www.hallebohuset.se\/?page_id=52","title":{"rendered":"Info"},"content":{"rendered":"<p>\u201dHallebohuset\u201d und der Komfort:<\/p>\n<ul>\n<li>In der K\u00fcche gibt es Elherd, Ofen, Micro, Holzherd, Geschirrsp\u00fcler, K\u00fchl- und Gefrierschrank und Geschirr f\u00fcr 8 Personen.<\/li>\n<li>1 Wohnzimmer mit 1 Bettcouch f\u00fcr 2 Personen und ein kleineres Bett\/Sofa gut geeignet f\u00fcr ein Kind\/Jugend.<\/li>\n<li>1 Schlafzimmer mit 2 Einzelbetten<\/li>\n<li>1 Durchgangzimmer mit 1Einzelbett<\/li>\n<li>Baby\/Kinderbett zur Verf\u00fcgung<\/li>\n<li>Dusche\/WC<\/li>\n<li>TV mit ausl\u00e4ndischen Programmen<\/li>\n<li>Kachelofen im Wohnzimmer<\/li>\n<li>Au\u03b2ensitzplatz mit Gartenm\u00f6bel und Grillm\u00f6glichkeiten<\/li>\n<li>Waschmaschine und W\u00e4schetrockner im Keller<\/li>\n<li>B\u00fcgelbrett und B\u00fcgeleisen<\/li>\n<li>Strom\/Wasser inkl . bei Kurzaufenthalte<\/li>\n<li>Bettw\u00e4sche und Handt\u00fccher zur Vermietung<\/li>\n<li>M\u00f6glichkeit Fr\u00fchst\u00fcck zu kaufen und das wird im K\u00fchlschrank hingestellt<\/li>\n<li>Hallebohuset befindet sich auf dem Gebiet Bymarken mit herrlicher Aussicht auf dem See V\u00e4ttern.<\/li>\n<li>J\u00f6nk\u00f6pings Zentrum mit Gesch\u00e4fte und Restaurants ist zu Fu\u03b2 zu erreichen.<\/li>\n<li>Es gibt 10 Golfpl\u00e4tze in der N\u00e4he<\/li>\n<li>Haustiere nicht erstattet<\/li>\n<li>Rauchen im Haus nicht erstattet<\/li>\n<\/ul>\n<p>Wenn Sie mehr Information brauchen , fragen Sie gerne an: <a href=\"mailto:info@hallebohuset.se\">info@hallebohuset.se<\/a><\/p>\n","protected":false},"excerpt":{"rendered":"<p>\u201dHallebohuset\u201d und der Komfort: In der K\u00fcche gibt es Elherd, Ofen, Micro, Holzherd, Geschirrsp\u00fcler, K\u00fchl- und Gefrierschrank und Geschirr f\u00fcr 8 Personen. 1 Wohnzimmer mit 1 Bettcouch f\u00fcr 2 Personen und ein kleineres Bett\/Sofa gut geeignet f\u00fcr ein Kind\/Jugend. 1 &hellip; <a href=\"https:\/\/www.hallebohuset.se\/?page_id=52\">Continue reading <span class=\"meta-nav\">&rarr;<\/span><\/a><\/p>\n","protected":false},"author":1,"featured_media":0,"parent":20,"menu_order":2,"comment_status":"open","ping_status":"open","template":"","meta":{"footnotes":""},"class_list":["post-52","page","type-page","status-publish","hentry"],"_links":{"self":[{"href":"https:\/\/www.hallebohuset.se\/index.php?rest_route=\/wp\/v2\/pages\/52","targetHints":{"allow":["GET"]}}],"collection":[{"href":"https:\/\/www.hallebohuset.se\/index.php?rest_route=\/wp\/v2\/pages"}],"about":[{"href":"https:\/\/www.hallebohuset.se\/index.php?rest_route=\/wp\/v2\/types\/page"}],"author":[{"embeddable":true,"href":"https:\/\/www.hallebohuset.se\/index.php?rest_route=\/wp\/v2\/users\/1"}],"replies":[{"embeddable":true,"href":"https:\/\/www.hallebohuset.se\/index.php?rest_route=%2Fwp%2Fv2%2Fcomments&post=52"}],"version-history":[{"count":2,"href":"https:\/\/www.hallebohuset.se\/index.php?rest_route=\/wp\/v2\/pages\/52\/revisions"}],"predecessor-version":[{"id":78,"href":"https:\/\/www.hallebohuset.se\/index.php?rest_route=\/wp\/v2\/pages\/52\/revisions\/78"}],"up":[{"embeddable":true,"href":"https:\/\/www.hallebohuset.se\/index.php?rest_route=\/wp\/v2\/pages\/20"}],"wp:attachment":[{"href":"https:\/\/www.hallebohuset.se\/index.php?rest_route=%2Fwp%2Fv2%2Fmedia&parent=52"}],"curies":[{"name":"wp","href":"https:\/\/api.w.org\/{rel}","templated":true}]}}